7. Let k(d) = d**2 + 29*d. Let n(v) = b(v) + 6*k(v). What is n(35)?
-18
Let l(z) = 11*z - 27. Suppose 10*y - 1259 + 1154 = -25*y. Calculate l(y).
6
Suppose 9 = -3*d, -10 = -2*k - d + 19. Let g(a) = -a**3 + 15*a**2 + 17*a - 21. Give g(k).
-5
Let r(u) = 5*u + 3 + 99*u**2 - 47*u + 6 - 96*u**2 - 4. What is r(14)?
5
Let b(i) = -3*i**3 - 25*i**2 - 23*i + 59. Let x(f) = f**3 + 12*f**2 + 8*f - 28. Let w(t) = -2*b(t) - 5*x(t). Give w(9).
-5
Let j be (-2)/(((-2)/(-3))/(1008/54)). Let t = 110 + j. Suppose -k = 4*k + 4*u + t, -24 = 2*k + u. Let z(f) = f + 18. Determine z(k).
4
Let w(g) = g**3 + 20*g**2 + 18*g - 20. Suppose 12*z + 10*z - 836 = 0. Suppose 2*o = 4*o + z. Determine w(o).
-1
Let z(t) be the second derivative of -t**5/20 + t**4/12 + t**3/6 + t**2 + 412*t - 5. Let m(c) = 2*c + 4. Let r be m(-3). Give z(r).
12
Let t(j) = -j + 9. Let s be t(9). Suppose -7*h + 10*h - 9 = s. Let p(q) = q**h + 3*q**2 + 1 - 5*q**3 - 2*q - 4*q**3 + 7*q**3. Give p(2).
1
Let o(j) be the second derivative of j + 0 + 1/2*j**2 - 1/6*j**3. Suppose -2100*w + s = -2104*w + 28, 3*s - 69 = -9*w. Calculate o(w).
-4
Suppose 5*m = -5*w + 20, -3*m - 97 = -2*w - 109. Let v(u) = -3*u - 6. Determine v(w).
-6
Let w(v) = 325*v + 242*v + 14 + 20*v**2 - 792*v + 237*v. Determine w(-1).
22
Let c = 8/301 + 3897/602. Let w(v) be the second derivative of v + 1/6*v**3 + 0 - c*v**2. Give w(0).
-13
Let w(a) be the second derivative of -a**5/20 - 2*a**4/3 + a**3/6 + 5*a**2 + 11*a. Suppose -91 = 53*r + 333. What is w(r)?
2
Let g(l) be the third derivative of -l**6/120 - l**5/12 - 7*l**4/24 - l**3 + 185*l**2. Let y(j) = j + 1. Let m be y(-12). Let k = m + 7. Give g(k).
6
Suppose 5*q - 35 = -5*f, 5*f + 19*q + 5 = 24*q. Suppose a - 2*s = -0*s - 7, 0 = -f*a + 3*s - 15. Let l(u) = -10*u - 3. What is l(a)?
27
Let p(k) = -9*k - 22. Suppose 4*m - 139 = -2*b - 113, -b = 4*m - 17. Determine p(b).
-103
Let d(n) = -1264 + 6*n + 2*n + 2545 + 3*n - 1272 - 10*n. Let k(w) = w**3 - 5*w**2 + 5*w - 4. Let j be k(4). Calculate d(j).
9
Let l(n) = 21*n - 55*n**3 + 0 + 43 - 51*n**3 + 22*n**2 + 105*n**3. What is l(23)?
-3
Let c(k) be the first derivative of -k**4/4 + 14*k**3/3 + 6*k**2 + 10*k - 3871. Calculate c(15).
-35
Let i(x) = -4 - x**3 - 39*x + 7*x - 1602*x**2 - 4*x + 1639*x**2. What is i(36)?
-4
Let l(q) = q - 10. Let b be l(7). Let y(p) = -184*p + 2 - 184*p + 0 + 378*p. Give y(b).
-28
Suppose -14*p - 77 + 595 = 0. Let q(j) = 2*j - 56. Determine q(p).
18
Let u(x) = -10*x - 2. Let p(f) = -f. Let z(a) = -3*p(a) + u(a). Suppose -23*l - 4*l = 108. Calculate z(l).
26
Let b(a) be the third derivative of -a**5/60 - 7*a**4/24 + 8*a**3/3 - a**2. Suppose -3*o - u - 42 = 0, -4*o - 17 = 2562*u - 2565*u. Determine b(o).
-28
Let b(s) = -s**3 - 6*s**2 + 4*s + 2. Let h be (-84)/18 + (4/(-3) - -1). Let p(i) = 9*i**2 + 50*i + 22. Let n be p(h). Calculate b(n).
-37
Let w(z) = -5*z + 295. Let f(n) = -3*n + 130. Let m(j) = 7*f(j) - 3*w(j). What is m(-3)?
43
Let i(t) = -2*t. Suppose -4*u = 0, -24*c - 136 = -26*c - 4*u. Let z be -3*(4/(-8) - c/(-24)). Determine i(z).
14
Let r(j) = -9*j - 5. Let k(p) = p. Let u(i) = 3*k(i) + r(i). Let y(z) = -69*z - 281. Let l be y(-4). Give u(l).
25
Let d(m) be the second derivative of m**3/2 + 13*m**2/2 + 4*m - 69. Let j = -4 - 3. Give d(j).
-8
Let y be (-2)/4*(5 - 3 - 34). Let l be 16/(-3)*(5 - 92/y). Let w(x) = -2*x**2 + 5*x - 5. Give w(l).
-17
Let m(i) = -3*i**2 + 12*i - 6. Let r be m(1). Suppose -2*a = -2*h + 3*h - 10, -r*a = -2*h - 22. Let j(p) = 3 - 4 + 0*p - p. Calculate j(a).
-7
Let g = 145 + -138. Let n(j) be the second derivative of 1/6*j**3 + 7*j + 0 + 7/2*j**2. What is n(g)?
14
Let y(m) = -49*m**2 + 7*m - 4*m + 96*m**2 - 5*m - 1 - 49*m**2. Calculate y(2).
-13
Suppose 4*x + 5*k = 3 + 45, 24 = 2*x - 3*k. Let o(m) = -m**2 + 11*m - 15. Calculate o(x).
-27
Let t(j) = -j**2 - 10*j. Let d be t(-9). Suppose -16*n - d = -13*n, -3*r - 3*n = 24. Let o(g) = -g**2 + 7*g + 37 - 33 + 2*g**2. Give o(r).
-6
Let x(z) = -18*z**3 - z**2 + z - 1. Let y = -306 + 392. Let b = -85 + y. Determine x(b).
-19
Let y(j) = 6*j**2 - j - j**3 + 1460 + 0*j - 1454. Determine y(7).
-50
Suppose -v - 28 = -31. Let p(x) = -3 + 6*x**2 - 10*x**v + 9*x**3 + 6*x + 0. Let z = -386 - -393. Determine p(z).
-10
Let h(t) = -2*t**2 + 0*t + 6*t + 75 - 76. Let k(l) be the first derivative of -l**4/4 + 7*l**3/3 - 2*l**2 - 7*l - 34. Let f be k(6). Determine h(f).
-21
Suppose 11*d - 68 = -255. Let w(q) be the second derivative of q**4/12 + 17*q**3/6 - 2*q**2 + 10*q - 10. Calculate w(d).
-4
Suppose 72 = 41*z - 53*z. Let p(b) = 2*b**3 + 12*b**2 + 6*b + 1. Let i(y) = -6*y**3 - 36*y**2 - 17*y - 3. Let w(o) = -6*i(o) - 17*p(o). Give w(z).
1
Let q(d) = 8*d**3 + 10*d**2 - 22*d - 91. Let r(x) = -9*x**3 - 12*x**2 + 22*x + 92. Let k(c) = -10*q(c) - 9*r(c). Calculate k(-6).
22
Let k(i) be the second derivative of -3*i**3/2 + 29*i**2/2 + i + 1305. Calculate k(-12).
137
Let k(h) be the first derivative of 7 - 1/4*h**4 + 0*h**2 - 5/3*h**3 + 5*h. Suppose 2520*x - 2531*x = 44. Calculate k(x).
-11
Let f(x) = -x**2 - 3*x + 2. Let p(s) = 1. Suppose 14 + 31 = 15*l. Let t(z) = l*p(z) - f(z). Determine t(-2).
-1
Let x(d) = 392*d - 26*d**2 + 27*d**2 + 2 + 392*d - 776*d. Suppose 0 = -a - 2*a - 15. Give x(a).
-13
Let w = 52 + -50. Suppose w*v - 9*v = 63. Let g(z) = z**3 + 9*z**2 - 2*z + 7. What is g(v)?
25
Let a(i) = 5*i + 218 - 469 + 289. Determine a(-8).
-2
Let r(t) = 2*t**2 + 0*t**2 + 0*t + 30*t**3 + t. Let n = 373553 - 373554. What is r(n)?
-29
Let l(i) = 10 - 3437*i**2 + 6*i + 7*i + 19 + 3429*i**2 + i**3 - 2*i**3. Calculate l(-9).
-7
Let f(j) = -11 - 25*j**2 + 26*j - 127*j + 27*j + 47*j + j**3. What is f(26)?
-37
Let g(o) = 2*o**3 - 15*o**2 - 27*o + 3. Let f be g(9). Let d(x) = 2*x**3 + 3*x**2 + 2*x - 4. Determine d(f).
83
Let b(i) = -i + 80. Let p(n) = -72. Let k(w) = 6*b(w) + 7*p(w). Give k(-1).
-18
Suppose 11*o = 6*o + 20. Let c(q) = 9 + 2*q + 3*q - o*q. Let d(r) = 6*r + 25. Let t be d(-5). Calculate c(t).
4
Let o(q) = 3*q**2 - 6*q - 3. Let w be o(3). Suppose w*f + 12 = 4*f. Let k(h) = h**3 + 6*h**2 + 2. Let l be k(f). Let s(p) = 10*p - 1. Give s(l).
19
Let x(q) = 6*q**2 - 19*q - 2. Let j(c) = 8*c**2 - 29*c - 5. Let p(f) = 5*j(f) - 7*x(f). Determine p(-1).
-1
Let i(y) be the second derivative of y**5/20 - y**4/2 - 7*y**3/6 + 5*y**2 - y - 581. Calculate i(7).
10
Let g be (-14)/(-35) + (-2 - (-90)/25). Let p(n) = 0*n + 41 - 42 - g*n + 4*n. What is p(13)?
25
Suppose 1298 = -290*h - 152. Let x(c) = -c**3 - 7*c**2 - 10*c - 5. Give x(h).
-5
Let a = -11337 - -11329. Let f(i) = -i**3 - 8*i**2 - i - 11. Give f(a).
-3
Let a = 17 + -17. Let z(g) = g - 2*g**2 + 0*g**2 + g**2 + a*g. Let l = 230 + -228. Determine z(l).
-2
Let n(s) = -12*s**2 + 1. Let a = -96 + 107. Suppose 82*u = 93*u - a. What is n(u)?
-11
Let f(v) = -6*v + 10. Let o be (-4 - -14)*(-1)/(-2). Let z(l) = 5*l - 2 - 4 + 1 - 4. Let s(h) = o*z(h) + 4*f(h). What is s(5)?
0
Let k(m) = -7*m - 9. Suppose 4*r = 29*b - 27*b + 14, -5*b - 35 = 3*r. Give k(b).
40
Suppose 55*c - 47*c = 144. Let s(l) = l**3 - 17*l**2 - 19*l + 21. What is s(c)?
3
Let p be (-36)/21*(5 - 170/20). Let j(n) = -5*n**2 - 4 + n**2 + n**3 - 9*n + n. Calculate j(p).
20
Let t(c) = 35*c**3 - 67*c**3 + 31*c**3 - 8*c**2 - 9*c - 6. Let r(x) = x**3 - 12*x**2 - 15*x + 173. Let j be r(12). Give t(j).
8
Let w(f) = -231*f + 127. Let z(y) = -107*y + 63. Let p(b) = 6*w(b) - 13*z(b). What is p(12)?
3
Let b(s) be the second derivative of -1/2*s**2 - 1/3*s**3 - 1/6*s**4 + 0 - 3/4*s**5 + 120*s. Give b(-1).
14
Suppose -80 = -18*j + 2*j. Let w(h) = 16*h - j*h + 8 - 9*h - 3*h. Give w(-6).
14
Let o(v) = -v**2 + 3*v - 4. Let z = 685 - 680. Determine o(z).
-14
Let o(q) = 3*q**2 - 3*q - 2. Let v be 50 - (4*10/8 - 0). Suppose -47*c + v*c = 8, -17 = -3*y + 5*c. Give o(y).
4
Let j(t) be the second derivative of 2*t**3/3 + 5*t**2 - 75969*t. Let i(u) = -u - 9. Let c be i(-6). Calculate j(c).
-2
Let r(g) = g**3 + 9*g**2 + g + 12. Let z be r(-9). Let f(y) = -24*y - 12. Let t(w) = 71*w + 41. Let a(j) = -3*f(j) - t(j). Determine a(z).
-2
Let x(q) be the third derivative of q**5/60 + 17*q**4/12 + 17*q**3/3 + 1673*q**2. Calculate x(-1).
1
Let s(x) = 2*x**2 + 22*x. Let k(u) = -7*u**2 - 78*u - 83. Let i(f) = k(f) + 3*s(f). Calculate i(-7).
-48
Suppose -10*s + 12*s + 2 = 0. Let o(p)